t common divisor of 30384 and 26928?
144
Calculate the highest common divisor of 1230 and 37310.
410
Calculate the greatest common divisor of 13587 and 2583.
21
Calculate the greatest common divisor of 636 and 959194.
106
What is the greatest common factor of 9 and 25029?
9
What is the greatest common divisor of 1378 and 5459?
53
What is the greatest common divisor of 195165 and 45?
45
What is the greatest common factor of 68 and 346868?
68
Calculate the highest common divisor of 61 and 531676.
61
What is the greatest common divisor of 207 and 344931?
69
Calculate the highest common factor of 3051752 and 352.
88
What is the highest common divisor of 2780 and 564?
4
What is the greatest common divisor of 26 and 1510327?
13
Calculate the greatest common divisor of 107468 and 76.
4
What is the highest common divisor of 3102 and 14946?
282
What is the highest common factor of 35 and 277445?
35
Calculate the highest common divisor of 9472 and 10496.
256
Calculate the highest common divisor of 2151588 and 1272.
636
Calculate the greatest common divisor of 2139 and 6634.
31
What is the highest common divisor of 21278 and 8?
2
What is the greatest common factor of 741 and 379509?
39
What is the highest common divisor of 6728 and 703917?
841
What is the highest common divisor of 52 and 41379?
13
Calculate the greatest common factor of 8371 and 176.
11
What is the greatest common divisor of 100 and 8425?
25
Calculate the greatest common factor of 41895 and 98.
49
What is the greatest common factor of 4190 and 160?
10
Calculate the greatest common divisor of 47766 and 114.
114
Calculate the highest common divisor of 168 and 2080176.
168
What is the highest common divisor of 12531 and 48?
3
Calculate the greatest common divisor of 37 and 205609.
37
What is the highest common divisor of 275 and 14245?
55
Calculate the highest common divisor of 3 and 23964.
3
Calculate the highest common factor of 7693 and 21.
7
Calculate the highest common factor of 1253 and 7.
7
Calculate the greatest common factor of 51210 and 240.
30
What is the greatest common factor of 24 and 620072?
8
Calculate the greatest common divisor of 29073 and 132.
33
What is the greatest common factor of 10 and 141475?
5
Calculate the greatest common divisor of 12 and 199116.
12
Calculate the highest common factor of 420 and 426.
6
What is the greatest common factor of 138 and 65366?
46
Calculate the highest common factor of 1807 and 351.
13
What is the highest common divisor of 384377 and 3913?
301
What is the greatest common divisor of 1798 and 7204586?
1798
What is the greatest common factor of 3998 and 3?
1
Calculate the highest common factor of 3 and 248166.
3
Calculate the greatest common divisor of 1266496 and 110.
22
What is the greatest common factor of 53725 and 84?
7
What is the greatest common factor of 416 and 6812?
52
What is the highest common divisor of 51 and 418302?
51
Calculate the highest common divisor of 104273 and 16659.
617
Calculate the greatest common divisor of 930716 and 34.
34
What is the greatest common factor of 6509 and 208854?
283
Calculate the greatest common divisor of 349 and 2041301.
349
What is the greatest common divisor of 139713 and 168?
21
What is the greatest common factor of 44505 and 2691?
207
What is the highest common divisor of 14496 and 224?
32
What is the highest common factor of 260 and 100490?
130
What is the highest common divisor of 460 and 65390?
10
Calculate the highest common factor of 615 and 1335.
15
Calculate the highest common factor of 24 and 242016.
24
What is the greatest common divisor of 21375 and 90?
45
Calculate the highest common factor of 1 and 13602.
1
What is the greatest common divisor of 3800 and 6555?
95
What is the highest common divisor of 273 and 1053741?
39
What is the greatest common divisor of 2413 and 1216?
19
Calculate the highest common factor of 48 and 19632.
48
What is the greatest common factor of 6298 and 9400?
94
Calculate the highest common factor of 38685 and 135.
15
What is the greatest common divisor of 31232 and 13908?
244
What is the greatest common factor of 1081577 and 7?
7
Calculate the highest common divisor of 14 and 70518.
14
Calculate the highest common factor of 51275 and 2800.
175
What is the greatest common divisor of 99 and 26202?
33
Calculate the highest common factor of 156 and 4944.
12
Calculate the greatest common factor of 16239 and 3.
3
Calculate the greatest common factor of 3330 and 3006.
18
Calculate the greatest common divisor of 40619 and 5.
1
Calculate the greatest common divisor of 2405589 and 249.
249
Calculate the highest common factor of 39715 and 705.
235
What is the highest common factor of 664 and 2144056?
664
Calculate the greatest common factor of 99873 and 162.
81
Calculate the highest common divisor of 137569 and 329.
47
Calculate the greatest common factor of 28 and 911666.
14
Calculate the greatest common factor of 3145 and 6205.
85
What is the greatest common factor of 167 and 5150781?
167
What is the highest common factor of 48720 and 11120?
80
What is the highest common divisor of 2877 and 822?
411
What is the highest common factor of 98 and 6993?
7
Calculate the greatest common factor of 6853 and 43813.
77
What is the greatest common divisor of 13 and 3715?
1
Calculate the greatest common factor of 1190 and 18683.
119
What is the highest common factor of 529 and 553?
1
What is the highest common factor of 205200 and 300?
300
Calculate the highest common factor of 729 and 4941.
81
What is the highest common factor of 924 and 4956?
84
What is the highest common divisor of 66025 and 25?
25
What is the greatest common factor of 21 and 6404601?
21
Calculate the highest common factor of 6292 and 20.
4
Calculate the highest common factor of 1511191 and 1034.
517
What is the highest common factor of 514 and 6958018?
514
Calculate the greatest common factor of 2037 and 96.
3
What is the highest common divisor of 25 and 1590550?
25
Calculate the highest common factor of 221906 and 1810.
362
What is the highest common divisor of 10375320 and 120?
120
Calculate the highest common factor of 401 and 10965345.
401
Calculate the highest common factor of 92839 and 29456.
263
What is the greatest common factor of 9815 and 29965?
65
What is the highest common divisor of 113395 and 5?
5
Calculate the highest common divisor of 167619 and 177.
177
Calculate the greatest common divisor of 164480 and 4626.
514
Calculate the greatest common factor of 119 and 31603.
17
What is the greatest common factor of 38 and 40679?
19
Calculate the highest common divisor of 2537 and 413.
59
Calculate the highest common factor of 26946 and 54.
54
Calculate the greatest common divisor of 1760 and 3103584.
352
Calculate the highest common factor of 1440 and 6060.
60
Calculate the greatest common divisor of 1540 and 188980.
220
Calculate the greatest common factor of 21480 and 11220.
60
Calculate the greatest common divisor of 126 and 51894.
18
Calculate the greatest common divisor of 120 and 16570.
10
Calculate the highest common factor of 49 and 7679.
7
What is the greatest common factor of 187 and 2533?
17
Calculate the highest common factor of 1572 and 569850.
786
What is the highest common factor of 11430 and 1230?
30
Calculate the highest common factor of 28428 and 552.
276
What is the greatest common divisor of 9786 and 2058?
42
What is the highest common divisor of 2176616 and 156?
52
Calculate the greatest common factor of 270 and 13745.
5
Calculate the greatest common factor of 2684 and 35332.
44
Calculate the greatest common factor of 420774 and 798.
114
What is the greatest common divisor of 980 and 512540?
980
What is the highest common divisor of 1631 and 68269?
233
What is the greatest common divisor of 567294 and 7?
7
Calculate the greatest common factor of 6216 and 152921.
37
What is the greatest common divisor of 6771 and 228771?
111
Calculate the greatest common divisor of 1179 and 261.
9
What is the greatest common divisor of 128498 and 188?
94
Calculate the highest common factor of 6 and 53307.
3
What is the greatest common divisor of 3934 and 207940?
562
Calculate the highest common factor of 100 and 529200.
100
What is the greatest common factor of 127824 and 732?
12
Calcu